48499 a prime number?
False
Is 861433 composite?
False
Is 91417 composite?
True
Is 2927 a prime number?
True
Is 5601 a composite number?
True
Is 2395 prime?
False
Is 10637 a prime number?
False
Is 97891 prime?
False
Is 486637 composite?
False
Is 17803 a prime number?
False
Is 7103 prime?
True
Is 4306 a composite number?
True
Is 155361 prime?
False
Is 12389 prime?
False
Is 26545 prime?
False
Is 5062 composite?
True
Is 65293 a composite number?
False
Is 751865 a prime number?
False
Is 9667 a composite number?
True
Is 4594 a composite number?
True
Is 27991 a prime number?
False
Is 14963 a prime number?
False
Is 863609 a prime number?
True
Is 10343 a prime number?
True
Is 32159 prime?
True
Is 21531 a composite number?
True
Is 19301 a prime number?
True
Is 848843 a composite number?
False
Is 1731 a composite number?
True
Is 120157 a prime number?
True
Is 1191 composite?
True
Is 448241 a prime number?
True
Is 671999 a prime number?
True
Is 7031 prime?
False
Is 820759 composite?
False
Is 9939 prime?
False
Is 37949 a prime number?
False
Is 259991 composite?
False
Is 1090303 composite?
False
Is 97517 prime?
False
Is 326761 composite?
True
Is 8543 prime?
True
Is 69899 a prime number?
True
Is 69953 a prime number?
False
Is 22433 a composite number?
False
Is 26453 prime?
False
Is 155119 composite?
False
Is 104581 composite?
True
Is 7420685 prime?
False
Is 11057 prime?
True
Is 103043 a composite number?
False
Is 833419 prime?
False
Is 569377 a prime number?
False
Is 223 prime?
True
Is 1401485 prime?
False
Is 14513 composite?
True
Is 17521 composite?
True
Is 74427 a prime number?
False
Is 118403 composite?
True
Is 3805 prime?
False
Is 1985917 a prime number?
False
Is 40177 composite?
False
Is 4177 composite?
False
Is 1021199 prime?
True
Is 16447 prime?
True
Is 73729 prime?
False
Is 33 a prime number?
False
Is 436967 prime?
True
Is 175079 composite?
False
Is 523877 prime?
True
Is 822831 composite?
True
Is 118127 prime?
True
Is 1361 a prime number?
True
Is 677 a prime number?
True
Is 3593 composite?
False
Is 7829 composite?
False
Is 90953 composite?
True
Is 890951 composite?
True
Is 13522 a prime number?
False
Is 42037 composite?
True
Is 488921 prime?
True
Is 37747 a composite number?
False
Is 923911 composite?
True
Is 139717 prime?
False
Is 73603 a prime number?
False
Is 1906 prime?
False
Is 12197 a composite number?
False
Is 23719 prime?
True
Is 66821 a composite number?
False
Is 7349 composite?
False
Is 14737 composite?
False
Is 3491 composite?
False
Is 176627 a prime number?
False
Is 346 a prime number?
False
Is 22291 composite?
False
Is 12349 composite?
True
Is 18649 prime?
False
Is 837869 composite?
True
Is 29381 a prime number?
False
Is 5143 a prime number?
False
Is 372259 composite?
True
Is 25778 prime?
False
Is 3047 a composite number?
True
Is 644267 a prime number?
False
Is 2785 prime?
False
Is 348613 prime?
False
Is 11962 prime?
False
Is 70373 composite?
False
Is 73121 prime?
True
Is 354581 prime?
True
Is 633337 composite?
False
Is 56369 a prime number?
True
Is 216997 a prime number?
False
Is 7403 a composite number?
True
Is 89581 a composite number?
True
Is 178015 a prime number?
False
Is 3331 prime?
True
Is 3863 prime?
True
Is 134 prime?
False
Is 1174229 composite?
True
Is 25013 a composite number?
False
Is 25923 prime?
False
Is 724393 composite?
False
Is 130327 composite?
True
Is 42533 a composite number?
False
Is 129749 a prime number?
True
Is 19439 composite?
True
Is 4391 a prime number?
True
Is 4661 composite?
True
Is 572137 composite?
False
Is 295967 prime?
False
Is 8641 a prime number?
True
Is 62119 prime?
True
Is 544417 a prime number?
False
Is 44609 composite?
True
Is 1457323 prime?
False
Is 17837 a prime number?
True
Is 7103 prime?
True
Is 599234 prime?
False
Is 1567321 composite?
True
Is 119959 a composite number?
True
Is 34351 composite?
False
Is 3427 a composite number?
True
Is 24527 prime?
True
Is 795761 composite?
False
Is 3197 a prime number?
False
Is 32649 prime?
False
Is 35669 composite?
True
Is 19937 composite?
False
Is 403561 a composite number?
True
Is 3064351 prime?
True
Is 25957 prime?
False
Is 141914 a composite number?
True
Is 9445 prime?
False
Is 150349 a prime number?
False
Is 9133 a prime number?
True
Is 86951 a prime number?
True
Is 306083 a composite number?
False
Is 515707 a prime number?
False
Is 44483 composite?
False
Is 19931 prime?
False
Is 5609 prime?
False
Is 269513 composite?
False
Is 9953 a prime number?
False
Is 2266679 a prime number?
True
Is 1408961 a prime number?
True
Is 2095 a prime number?
False
Is 758 a composite number?
True
Is 8923 composite?
False
Is 45481 a prime number?
True
Is 20911 a composite number?
True
Is 8999 composite?
False
Is 2253 composite?
True
Is 10401 a composite number?
True
Is 373291 composite?
False
Is 3103 a prime number?
False
Is 188911 composite?
False
Is 448697 composite?
False
Is 2749 a prime number?
True
Is 178355 composite?
True
Is 2294447 composite?
True
Is 43922 a prime number?
False
Is 5251 composite?
True
Is 1478 composite?
True
Is 17519 prime?
True
Is 2626495 prime?
False
Is 1632809 composite?
False
Is 12979 composite?
False
Is 12293 a prime number?
False
Is 68993 a composite number?
False
Is 170059 a prime number?
False
Is 1408839 a prime number?
False
Is 17311 a prime number?
False
Is 35293 a prime number?
False
Is 4127 a composite number?
False
Is 142357 a composite number?
False
Is 1329605 a prime number?
False
Is 28201 composite?
False
Is 494911 prime?
False
Is 101411 composite?
False
Is 13751 a prime number?
True
Is 18269 prime?
True
Is 7799 a composite number?
True
Is 14395 composite?
True
Is 371587 composite?
False
Is 1484531 a composite number?
False
Is 28961 composite?
False
Is 6779 prime?
True
Is 63227 a composite number?
True
Is 75689 a composite number?
False
Is 1817 prime?
False
Is 338395 composite?
True
Is 11677 prime?
True
Is 3274 prime?
False
Is 5711 a composite number?
False
Is 21647 a composite number?
False
Is 41959 a prime number?
True
Is 2593921 a prime number?
False
Is 1456759 composite?
False
Is 922533 prime?
False
Is 83023 a prime number?
True
Is 3707 composite?
True
Is 139979 a prime number?
False
Is 55882 composite?
True
Is 45053 a prime number?
True
Is 3152503 composite?
True
Is 1056689 a prime number?
False
Is 142418 a prime number?
False
Is 140329 prime?
False
Is 57839 a prime number?
True
Is 16754 composite?
True
Is 24943 composite?
False
Is 547171 a composite number?
False
Is 925829 prime?
False
Is 32159 a prime number?
True
Is 109229 a prime number?
True
Is 1237 composite?
False
Is 405817 a composite number?
False
Is 7747 a prime number?
False
Is 7655 a prime number?
False
Is 43607 prime?
True
Is 12007 prime?
True
Is 27629 a composite number?
True
Is 347447 a composite number?
True
Is 139547 a prime number?
True
Is 105649 composite?
False
Is 284407 a prime number?
True
Is 27397 composite?
False
Is 1513219 a prime number?
True
Is 12017 a composite number?
True
Is 381907 prime?
False
Is 16661 a prime number?
True
Is 83071 a composite number?
False
Is 72337 composite?
False
Is 13193 a prime number?
False
Is 2020591 composite?
False
Is 29157 a prime number?
False
Is 7773 a prime number?
False
Is 111439 prime?
True
Is 2371 prime?
True
Is 59821 a prime number?
False
Is 30122 a composite number?
True
Is 10351 prime?
False
Is 639571 composite?
False
Is 20323 a composite number?
False
Is 15479 a composite number?
True
Is 189119 composite?
True
Is 32069 a prime number?
True
Is 13766 composite?
True
Is 7249 a prime number?
False
Is 174553 a prime number?
False
Is 389 composite?
False
Is 11549 prime?
True
Is 8887 composite?
False
Is 103229 a prime number?
False
Is 453401 a prime number?
False
Is 1073 composite?
True
Is 76913 prime?
True
Is 7737 prime?
False
Is 19273 composite?
False
Is 1473671 a prime number?
True
Is 6797 a composite number?
True
Is 8263 a composite number?
False
Is 96137 a composite number?
False
Is 5663 a prime number?
False
Is 1297447 a composite number?
False
Is 426521 composite?
True
Is 1432399 a prime number?
False
Is 470779 composite?
False
Is 5855 composite?
True
Is 11057 a prime number?
True
Is 616541 a prime number?
False
Is 96047 a prime number?
False
Is 95003 a prime number?
True
Is 77 prime?
False
Is 1736867 a co